{"id":1375,"date":"2010-04-07T12:26:11","date_gmt":"2010-04-07T11:26:11","guid":{"rendered":"http:\/\/unime.no-ip.info\/blog\/?page_id=1375"},"modified":"2012-12-02T07:11:09","modified_gmt":"2012-12-02T06:11:09","slug":"meetings","status":"publish","type":"page","link":"https:\/\/www.nutrigenomiclab.com\/lab\/?page_id=1375","title":{"rendered":"Meetings"},"content":{"rendered":"<h1><span style=\"color: #ffffff;\"><strong>Upcoming Meetings<\/strong><\/span><\/h1>\n<p style=\"text-align: center;\"><a href=\"http:\/\/congresso.sifweb.org\/docs\/sifcong36_torino_2013.pdf\" target=\"_blank\">36\u00b0 Congresso della Societ\u00e0 Italiana di Farmacologia<\/a><\/p>\n<p style=\"text-align: center;\"><a href=\"http:\/\/congresso.sifweb.org\/docs\/sifcong36_torino_2013.pdf\" target=\"_blank\">Torino, 23-26 Ottobre 2013<\/a><\/p>\n<p style=\"text-align: center;\"><a href=\"http:\/\/www.nutrigenomiclab.com\/lab\/wp-content\/uploads\/2010\/04\/cong36_banner.jpg\"><img decoding=\"async\" loading=\"lazy\" class=\"aligncenter size-full wp-image-1821\" title=\"cong36_banner\" src=\"http:\/\/www.nutrigenomiclab.com\/lab\/wp-content\/uploads\/2010\/04\/cong36_banner.jpg\" alt=\"\" width=\"265\" height=\"70\" \/><\/a><\/p>\n<p style=\"text-align: center;\">&#8212;&#8212;&#8212;&#8212;&#8212;&#8212;&#8212;&#8212;&#8212;&#8212;&#8212;&#8212;&#8212;&#8212;&#8212;&#8212;&#8212;&#8212;-<\/p>\n<p style=\"text-align: center;\"><a href=\"http:\/\/oxyclubcalifornia.org\/ICPH6\/index.php\" target=\"_blank\">VI International conference on Polyphenols and Health<\/a><\/p>\n<p style=\"text-align: center;\"><a href=\"http:\/\/oxyclubcalifornia.org\/ICPH6\/index.php\" target=\"_blank\">Buenos Aires- October 2012<\/a><\/p>\n<p style=\"text-align: center;\"><a href=\"http:\/\/www.nutrigenomiclab.com\/lab\/wp-content\/uploads\/2010\/04\/ICPH-2012.jpg\"><img decoding=\"async\" loading=\"lazy\" class=\"aligncenter  wp-image-1815\" title=\"ICPH-2012\" src=\"http:\/\/www.nutrigenomiclab.com\/lab\/wp-content\/uploads\/2010\/04\/ICPH-2012.jpg\" alt=\"\" width=\"613\" height=\"106\" srcset=\"https:\/\/www.nutrigenomiclab.com\/lab\/wp-content\/uploads\/2010\/04\/ICPH-2012.jpg 875w, https:\/\/www.nutrigenomiclab.com\/lab\/wp-content\/uploads\/2010\/04\/ICPH-2012-300x52.jpg 300w\" sizes=\"(max-width: 613px) 100vw, 613px\" \/><\/a><\/p>\n<p style=\"text-align: center;\">&#8212;&#8212;&#8212;&#8212;&#8212;&#8212;&#8212;&#8212;&#8212;&#8212;&#8212;&#8212;&#8212;&#8212;&#8212;&#8212;&#8212;&#8212;-<\/p>\n<p style=\"text-align: center;\"><a href=\"http:\/\/oxyclubcalifornia.org\/Paris2013\/index.php\" target=\"_blank\">5th International Symposium\u00a0Nutrition, Oxygen Biology and Medicine<\/a><\/p>\n<p style=\"text-align: center;\"><a href=\"http:\/\/oxyclubcalifornia.org\/Paris2013\/index.php\" target=\"_blank\">Soci\u00e9t\u00e9 Fran\u00e7aise de Recherche sur les Radicaux Libres &#8212;\u00a05\u20127 June 2013, Paris, France<\/a><\/p>\n<p style=\"text-align: center;\">\u00a0<a href=\"http:\/\/www.nutrigenomiclab.com\/lab\/wp-content\/uploads\/2010\/04\/paris13logo.jpg\"><img decoding=\"async\" loading=\"lazy\" class=\"aligncenter  wp-image-1816\" title=\"paris13logo\" src=\"http:\/\/www.nutrigenomiclab.com\/lab\/wp-content\/uploads\/2010\/04\/paris13logo.jpg\" alt=\"\" width=\"630\" height=\"91\" srcset=\"https:\/\/www.nutrigenomiclab.com\/lab\/wp-content\/uploads\/2010\/04\/paris13logo.jpg 1050w, https:\/\/www.nutrigenomiclab.com\/lab\/wp-content\/uploads\/2010\/04\/paris13logo-300x43.jpg 300w, https:\/\/www.nutrigenomiclab.com\/lab\/wp-content\/uploads\/2010\/04\/paris13logo-1024x148.jpg 1024w\" sizes=\"(max-width: 630px) 100vw, 630px\" \/><\/a><\/p>\n<p style=\"text-align: center;\">&#8212;&#8212;&#8212;&#8212;&#8212;&#8212;&#8212;&#8212;&#8212;&#8212;&#8212;&#8212;&#8212;&#8212;&#8212;&#8212;&#8212;&#8212;&#8212;&#8211;<\/p>\n<h1><\/h1>\n<h1>Past Meetings<\/h1>\n<p style=\"text-align: center;\"><strong><span style=\"color: #ffffff;\">Siena, Italy &#8211; October 5-7, 2011<\/span><\/strong><\/p>\n<p style=\"text-align: center;\"><strong><span style=\"color: #ffffff;\">2nd International Conference on Environmental Stressors in Biology and Medicine<\/span><\/strong><\/p>\n<p style=\"text-align: center;\">Organized by Giuseppe Valacchi, Mario Comporti, and Concetta Gardi<br \/>\nWebsite: <a href=\"http:\/\/www.oxyclubcalifornia.org\/Siena2011\" target=\"_blank\">http:\/\/www.oxyclubcalifornia.org\/Siena2011<\/a><\/p>\n<p style=\"text-align: center;\"><a href=\"http:\/\/www.oxyclubcalifornia.org\/Siena2011\/\"><img decoding=\"async\" loading=\"lazy\" class=\"aligncenter size-full wp-image-1678\" title=\"valacchi2011\" src=\"http:\/\/www.nutrigenomiclab.com\/lab\/wp-content\/uploads\/2010\/04\/valacchi2011.jpg\" alt=\"\" width=\"630\" height=\"79\" srcset=\"https:\/\/www.nutrigenomiclab.com\/lab\/wp-content\/uploads\/2010\/04\/valacchi2011.jpg 1050w, https:\/\/www.nutrigenomiclab.com\/lab\/wp-content\/uploads\/2010\/04\/valacchi2011-300x37.jpg 300w, https:\/\/www.nutrigenomiclab.com\/lab\/wp-content\/uploads\/2010\/04\/valacchi2011-1024x128.jpg 1024w\" sizes=\"(max-width: 630px) 100vw, 630px\" \/><\/a><\/p>\n<p style=\"text-align: center;\">&#8212;&#8212;&#8212;&#8212;&#8212;&#8212;&#8212;&#8212;&#8212;&#8212;&#8212;&#8212;&#8212;&#8212;&#8212;&#8212;&#8212;&#8212;&#8212;&#8212;&#8212;&#8212;&#8212;&#8212;&#8212;&#8212;&#8212;&#8212;&#8212;&#8212;&#8212;&#8212;&#8212;<\/p>\n<p><strong><br \/>\n<\/strong><\/p>\n<p style=\"text-align: center;\"><a href=\"http:\/\/www.aimgroup.eu\/2011\/shocksociety\/\" target=\"_blank\">XIV Congress of the European Shock Society<br \/>\nTaormina, Giardini Naxos, August 31, September 2, 2011 &#8211; Hilton Hotel<\/a><\/p>\n<p style=\"text-align: center;\"><a href=\"http:\/\/www.aimgroup.eu\/2011\/shocksociety\/\" target=\"_blank\"><img decoding=\"async\" loading=\"lazy\" class=\"aligncenter size-full wp-image-1646\" title=\"shocksociety\" src=\"http:\/\/www.nutrigenomiclab.com\/lab\/wp-content\/uploads\/2010\/04\/shocksociety.jpg\" alt=\"\" width=\"564\" height=\"90\" srcset=\"https:\/\/www.nutrigenomiclab.com\/lab\/wp-content\/uploads\/2010\/04\/shocksociety.jpg 940w, https:\/\/www.nutrigenomiclab.com\/lab\/wp-content\/uploads\/2010\/04\/shocksociety-300x47.jpg 300w\" sizes=\"(max-width: 564px) 100vw, 564px\" \/><\/a><\/p>\n<p style=\"text-align: center;\">&#8212;&#8212;&#8212;&#8212;&#8212;&#8212;&#8212;&#8212;&#8212;&#8212;&#8212;&#8212;&#8212;&#8212;&#8212;&#8212;&#8212;&#8212;&#8212;&#8212;&#8212;&#8212;&#8212;&#8212;&#8212;&#8212;&#8212;&#8212;&#8212;&#8212;&#8212;&#8212;&#8212;<\/p>\n<p style=\"text-align: center;\"><span style=\"color: #ffffff;\"><a href=\"http:\/\/cong35.sifweb.org\/index.php\" target=\"_blank\"><strong>35\u00b0 Congresso Nazionale SIF <\/strong><\/a><\/span><\/p>\n<p style=\"text-align: center;\"><a href=\"http:\/\/cong35.sifweb.org\/index.php\"><img decoding=\"async\" loading=\"lazy\" class=\"aligncenter size-full wp-image-1647\" title=\"home_sif35\" src=\"http:\/\/www.nutrigenomiclab.com\/lab\/wp-content\/uploads\/2010\/04\/home_sif351.jpg\" alt=\"\" width=\"584\" height=\"77\" srcset=\"https:\/\/www.nutrigenomiclab.com\/lab\/wp-content\/uploads\/2010\/04\/home_sif351.jpg 974w, https:\/\/www.nutrigenomiclab.com\/lab\/wp-content\/uploads\/2010\/04\/home_sif351-300x39.jpg 300w, https:\/\/www.nutrigenomiclab.com\/lab\/wp-content\/uploads\/2010\/04\/home_sif351-960x128.jpg 960w\" sizes=\"(max-width: 584px) 100vw, 584px\" \/><\/a>&#8212;&#8212;&#8212;&#8212;&#8212;&#8212;&#8212;&#8212;&#8212;&#8212;&#8212;&#8212;&#8212;&#8212;&#8212;&#8212;&#8212;&#8212;&#8212;&#8212;&#8212;-<\/p>\n<h1><\/h1>\n<p style=\"text-align: center;\"><img decoding=\"async\" loading=\"lazy\" width=\"218\" height=\"127\" class=\"aligncenter size-full wp-image-1382\" title=\"trans\" src=\"http:\/\/www.nutrigenomiclab.com\/lab\/wp-content\/uploads\/2010\/04\/trans.jpg\" alt=\"trans\" \/><\/p>\n<p style=\"text-align: center;\">Seminario scientifico organizzato dalla Transgenomic Inc. su\u00a0\u201cDHPLC: uso ed evoluzione\u201d.\u00a0Istituto Oncologico del Mediterraneo (IOM), Viagrande (CT) marted\u00ec 20 aprile 2010 dalle ore 10.00 alle ore 16.30.<\/p>\n<p style=\"text-align: center;\">&#8212;&#8212;&#8212;&#8212;&#8212;&#8212;&#8212;&#8212;&#8212;&#8212;&#8212;&#8212;&#8212;&#8212;&#8212;&#8211;<\/p>\n<p style=\"text-align: center;\"><img decoding=\"async\" loading=\"lazy\" width=\"199\" height=\"209\" class=\"size-full wp-image-1376 aligncenter\" title=\"nytt-bilde-sfrrjpg\" src=\"http:\/\/www.nutrigenomiclab.com\/lab\/wp-content\/uploads\/2010\/04\/nytt-bilde-sfrrjpg.jpeg\" alt=\"nytt-bilde-sfrrjpg\" \/><\/p>\n<p style=\"text-align: center;\"><a href=\"http:\/\/www.congrex.no\/expose\/sites\/clientweb\/default.asp?s=1276&amp;id=1286\" target=\"_self\">Society for Free Radical Research (SFRR) Meeting<\/a> Oslo, 12th &#8211; 15th of September 2010<\/p>\n<p style=\"text-align: center;\">&#8212;&#8212;&#8212;&#8212;&#8212;&#8212;&#8212;&#8212;&#8212;&#8212;&#8212;&#8212;&#8212;&#8212;&#8212;&#8211;<\/p>\n<p style=\"text-align: center;\"><img decoding=\"async\" loading=\"lazy\" width=\"227\" height=\"167\" class=\"size-full wp-image-1349 aligncenter\" title=\"OCC 2010\" src=\"http:\/\/www.nutrigenomiclab.com\/lab\/wp-content\/uploads\/2009\/11\/occ2010_small.jpg\" alt=\"OCC 2010\" \/><\/p>\n<p style=\"text-align: center;\">March 17-20, 2010\u00a0<a href=\"http:\/\/anonym.to\/?http:\/\/www.oxyclubcalifornia.org\/OCC2010\/occ2010.php\">Oxygen Club of California 2010 World Congress <\/a>Santa Barbara, California<\/p>\n","protected":false},"excerpt":{"rendered":"<p>Upcoming Meetings 36\u00b0 Congresso della Societ\u00e0 Italiana di Farmacologia Torino, 23-26 Ottobre 2013 &#8212;&#8212;&#8212;&#8212;&#8212;&#8212;&#8212;&#8212;&#8212;&#8212;&#8212;&#8212;&#8212;&#8212;&#8212;&#8212;&#8212;&#8212;- VI International conference on Polyphenols and Health Buenos Aires- October 2012 &#8212;&#8212;&#8212;&#8212;&#8212;&#8212;&#8212;&#8212;&#8212;&#8212;&#8212;&#8212;&#8212;&#8212;&#8212;&#8212;&#8212;&#8212;- 5th International Symposium\u00a0Nutrition, Oxygen Biology and Medicine Soci\u00e9t\u00e9 Fran\u00e7aise de Recherche sur les Radicaux Libres &#8212;\u00a05\u20127 June 2013, Paris, France \u00a0 &#8212;&#8212;&#8212;&#8212;&#8212;&#8212;&#8212;&#8212;&#8212;&#8212;&#8212;&#8212;&#8212;&#8212;&#8212;&#8212;&#8212;&#8212;&#8212;&#8211; Past Meetings Siena, Italy &#8211; October 5-7, [&hellip;]<\/p>\n","protected":false},"author":1,"featured_media":0,"parent":1427,"menu_order":2,"comment_status":"closed","ping_status":"closed","template":"","meta":{"ngg_post_thumbnail":0,"_links_to":"","_links_to_target":""},"_links":{"self":[{"href":"https:\/\/www.nutrigenomiclab.com\/lab\/index.php?rest_route=\/wp\/v2\/pages\/1375"}],"collection":[{"href":"https:\/\/www.nutrigenomiclab.com\/lab\/index.php?rest_route=\/wp\/v2\/pages"}],"about":[{"href":"https:\/\/www.nutrigenomiclab.com\/lab\/index.php?rest_route=\/wp\/v2\/types\/page"}],"author":[{"embeddable":true,"href":"https:\/\/www.nutrigenomiclab.com\/lab\/index.php?rest_route=\/wp\/v2\/users\/1"}],"replies":[{"embeddable":true,"href":"https:\/\/www.nutrigenomiclab.com\/lab\/index.php?rest_route=%2Fwp%2Fv2%2Fcomments&post=1375"}],"version-history":[{"count":26,"href":"https:\/\/www.nutrigenomiclab.com\/lab\/index.php?rest_route=\/wp\/v2\/pages\/1375\/revisions"}],"predecessor-version":[{"id":1824,"href":"https:\/\/www.nutrigenomiclab.com\/lab\/index.php?rest_route=\/wp\/v2\/pages\/1375\/revisions\/1824"}],"up":[{"embeddable":true,"href":"https:\/\/www.nutrigenomiclab.com\/lab\/index.php?rest_route=\/wp\/v2\/pages\/1427"}],"wp:attachment":[{"href":"https:\/\/www.nutrigenomiclab.com\/lab\/index.php?rest_route=%2Fwp%2Fv2%2Fmedia&parent=1375"}],"curies":[{"name":"wp","href":"https:\/\/api.w.org\/{rel}","templated":true}]}}